divisor of l and 250?
50
Suppose 0*g = 2*g - 4. Suppose 5*d - g*w - 692 = 0, 5*d - 994 = -w - 305. Suppose 6*x = 678 - d. What is the greatest common divisor of 36 and x?
18
Let u be -286*(-2 + (-8)/(-80)*15). What is the greatest common factor of 77 and u?
11
Let t be -7819*(-25)/700 - 6/(-8). What is the highest common divisor of 1064 and t?
56
Let u(n) = -1913*n + 1 + 3*n**2 + 1913*n. Let i be u(-4). Calculate the greatest common divisor of 14 and i.
7
Let l = 87 + -75. Let p = -68 + 136. Let x = p + -56. What is the highest common divisor of x and l?
12
Let p(z) = -139*z**3 - 14*z**2 - 12*z - 13. Let l be p(-1). Let t = 32 - 8. Suppose 0 = -2*w + 38 + t. What is the greatest common divisor of l and w?
31
Suppose -7*f + 166 + 2 = 0. Let w(j) = 69*j - 1209. Let n be w(18). What is the greatest common factor of n and f?
3
Suppose -4*r = h - 2*h - 2, 5 = 2*h - 5*r. Suppose -d = 2*d - k + 1, -2*k - 10 = 0. Let l = d + 112. Calculate the highest common divisor of l and h.
10
Let a be 1696/20 - 48/60. Calculate the greatest common divisor of 5796 and a.
84
Let w be (-1 - 2)/(-1*(-6)/16). Let a be (660/w)/3*(-10)/25. Calculate the highest common factor of a and 22.
11
Let h be 32103/36 - -3*5/60. Calculate the highest common divisor of 4 and h.
4
Suppose 24 = -8*w + 2200. Suppose s - w - 318 = -4*j, 4*s + 580 = 4*j. Calculate the greatest common divisor of j and 49.
49
Let a(l) = -l**3 - 18*l**2 + 30*l + 19. Let f be a(-21). Let b = 1512 - f. What is the greatest common factor of b and 50?
50
Let w = 497 - 431. Suppose x + 3*v - 170 = -0*v, 3*x = -2*v + 524. What is the highest common factor of w and x?
22
Suppose -5227 = -17*r + 36819 - 10001. Calculate the highest common factor of 780 and r.
65
Let c = 105 - 51. Let y = c + -44. Suppose 0 = y*l - l - 135. Calculate the highest common divisor of l and 6.
3
Suppose 5*y - 18*y + 7*y + 32346 = 0. What is the greatest common factor of 9 and y?
9
Suppose 0 = -37*o - 31 + 512. Let z(k) = -k**3 + 11*k**2 + 30*k - 51. Let p be z(o). Calculate the highest common factor of 160 and p.
1
Let o = -54 + 97. Suppose d = 37 + o. Suppose 50*u = 3*x + 55*u - 25, 5*u = -4*x + 35. Calculate the greatest common divisor of x and d.
10
Suppose 13*w - 4*w - 27 = 0. Suppose 0 = -w*i + 1 + 14. Let r = i + 8. What is the highest common divisor of r and 52?
13
Let i be 1/((-9)/(-884)) - 2/9. What is the highest common factor of i and 5243?
49
Suppose 4*m = -5*r - 3, -3*r - 2*m + 6 - 7 = 0. Suppose 479*b = 439*b + 40. What is the greatest common divisor of b and r?
1
Suppose 5*y - 38 = -23. Suppose 0 = t + 5*a - y, 5*t - 5*a - 135 = 30. What is the greatest common factor of t and 10?
2
Let c be -1*(-51 + 5/1). Suppose -c*v = -48*v + 116. What is the greatest common divisor of 319 and v?
29
Let r = 24693 - 24770. Let i(u) = -u**3 + 9*u**2 + 6*u - 7. Let q be i(6). Let z = r + q. What is the highest common factor of 15 and z?
15
Let h(m) = 109*m**3 - 4*m + 3. Suppose 9*k - 1 = 8*k. Let q be h(k). What is the greatest common factor of q and 24?
12
Suppose -5*b + g = -0*b + 3, -6 = -3*b - 2*g. Suppose b = -3*i - 64 + 196. Calculate the greatest common factor of 44 and i.
44
Let h(c) = c - 1. Let z be h(2). Suppose 0 = 3*i + 2*a + 24, 8*i + 2*a - 16 = 9*i. Let w be (-5)/(i*z/12). Calculate the highest common factor of 10 and w.
2
Suppose -1003 + 800 = -29*h. Calculate the greatest common factor of h and 427.
7
Let w(r) = -r**3 + 16*r**2 - 10*r + 21. Let q = 1 + 14. Let i be w(q). Let a(l) = -3*l - 11. Let p be a(-9). What is the highest common divisor of p and i?
16
Let z be (-1)/5 + 14883/165. Calculate the greatest common factor of z and 2745.
45
Let j(p) = 4*p**3 + 2*p**2 - 6*p - 14. Let n be j(-4). Let h = -139 - n. Calculate the highest common factor of h and 45.
15
Suppose -122 - 270 = -4*m. Let y = 148 - m. What is the highest common factor of 550 and y?
50
Suppose 2*p - 20 + 22 = 0. Let v(j) = -66*j + 4. Let d be v(p). What is the highest common divisor of 50 and d?
10
Let w be (-25 - -29) + 5/((-5)/(-564)). Suppose 17 = -m - 5*u + 109, 5*m = 2*u + w. Calculate the highest common factor of m and 64.
16
Suppose 45*z - 325405 = 84995. What is the greatest common factor of z and 320?
160
Suppose -s + r - 81 = 0, -3*s + 6*s = -4*r - 222. Let u = 9 - s. Calculate the greatest common divisor of u and 116.
29
Suppose 366075 = 358*i + 7717. Calculate the greatest common divisor of 481 and i.
13
Let o = 104 - 67. Let u(a) = a**3 + 33*a**2 - 402*a + 23. Let k be u(11). What is the greatest common factor of o and k?
37
Suppose -4*b = 2*y - 224, -19 + 125 = y - b. Suppose x - y = -5*z, 12 + 84 = 5*z - 3*x. Calculate the greatest common divisor of 63 and z.
21
Suppose -21*a - 97*a + 10454 = -11966. What is the highest common factor of a and 1026?
38
Let o be -1 - (((-9)/(-18) - 0)*-2 - 45). What is the greatest common divisor of 24345 and o?
45
Suppose -14*d = -161 + 7. Suppose 158 = d*s - 7. What is the highest common factor of s and 80?
5
Let q be (3/(-2))/(506527/(-25326) + 20). Calculate the greatest common factor of 9 and q.
9
Let b = 799 + -502. What is the greatest common factor of 1161 and b?
27
Let z = 17754 - 16928. Calculate the greatest common factor of z and 574.
14
Suppose -210*t + 2089337 = 100*t - 1495813. What is the greatest common divisor of t and 45?
45
Let l(j) = 3*j**2 + 2*j - 50. Let m(i) = -i**2 + i. Let y(h) = -2*l(h) - 18*m(h). Let f be y(6). Calculate the greatest common factor of 32 and f.
16
Let l(a) be the third derivative of -a**5/30 + 7*a**4/12 + 7*a**3/6 + 42*a**2. Let d be l(7). Let w = -1 + 2. What is the highest common divisor of d and w?
1
Let k = 22 - 20. Let n(f) = -9*f + 9*f + f**3 - 2*f**k + f + 7 - 7*f. Let g be n(4). What is the greatest common divisor of g and 10?
5
Let i(f) = f**3 + 29*f**2 + 71*f - 21. Suppose -117 = 5*j - 4*x, -19 = 3*j - 3*x + 50. Let k be i(j). Calculate the greatest common divisor of k and 44.
44
Suppose -g + 3*x = -5*g + 212, 0 = -3*g - 4*x + 166. Calculate the highest common factor of g and 2150.
50
Suppose -304 = -8*k + 432. What is the highest common factor of 2921 and k?
23
Suppose -5*c + 67 = v - 9*c, -316 = -5*v + c. Let x be 42/v - (-376)/3. What is the greatest common divisor of x and 18?
18
Let r(k) = k**2 - 10*k + 10. Let z(h) = h**2 - 2*h - 8. Let q be z(3). Let m be r(q). What is the highest common divisor of m and 5?
5
Suppose -x + 61 - 16 = 0. Let r = 18337 - 18312. What is the highest common divisor of r and x?
5
Let t be ((-11)/(-4))/(2/16). Suppose -5*b = 3276*v - 3277*v - b - 41, -5*b = -65. What is the greatest common factor of v and t?
11
Let n be 12/48 - (-5)/((-160)/(-2296)). What is the highest common factor of 640 and n?
8
Suppose -7*x - 16*x = -23. Let r be 3*84 - (1 - x). What is the highest common factor of 12 and r?
12
Suppose -9 = -w - 9. Suppose 19*n - 490 - 1125 = w. Calculate the highest common divisor of n and 68.
17
Suppose -32184 + 7230 = -84*f + 9066. Calculate the highest common divisor of 615 and f.
15
Suppose 0 = 2*s - 12, 2*y + 2*s - 52 - 216 = 0. Calculate the highest common factor of y and 592.
16
Suppose 4 = 5*y + 29, 2*w - 271 = -3*y. Suppose -42*f = 19*f - 18*f - 559. Calculate the greatest common factor of f and w.
13
Suppose 37*v = 39*v + 42. Let z be ((-12)/(-21))/((-3)/v) + 49. Suppose 5*w + 2*m = 7*w - 58, 2*w = m + z. Calculate the highest common factor of w and 3.
3
Suppose -540*u + 527*u + 39 = 0. Suppose d + 107 = 69*i - 67*i, -i + 66 = -u*d. Let s be -5*(-68)/10*1. What is the greatest common divisor of i and s?
17
Let t(y) = -7*y + 28. Let h be t(4). Suppose 3*g - 736 - 239 = h. Calculate the greatest common factor of g and 25.
25
Suppose -4*y = -p + 28, 48 = 3*p + 3*y - 6. Let a(o) = -o**3 - 131*o**2 + 156*o + 3200. Let z be a(-132). Calculate the highest common factor of p and z.
4
Let j be 200/75*-4*27/(-18). Suppose -8*k = -3*k - 2*i + 10, 4*k + i = 5. Let l be k + 2 - 4 - -34. What is the greatest common factor of l and j?
16
Let y be (-278)/(-7) + (-12)/(-42). Let b(f) = 2*f**3 - 4*f**2 - 10*f + 6. Let d be b(4). Calculate the highest common divisor of d and y.
10
Let x be ((-7482)/(-21) - (-8)/(-28))*(3 - 0). What is the highest common factor of 84 and x?
12
Suppose -3*r + r = 3*k - 106, 4*r - 218 = -